ppose g - n = 8. What is the units digit of g?
9
Suppose -2*j = -12 - 28. Let t = j + -12. What is the units digit of t?
8
Let r = -39 - -58. What is the units digit of r?
9
Let y be (4 + -6)/(4/(-6)). Suppose -h = 2*a, -4*a = -3*a + y*h. Let k(m) = m**2 + 7. What is the units digit of k(a)?
7
Suppose 290 = 3*h - h. What is the hundreds digit of h?
1
Suppose -2*p = -4*p + 32. Let b = -5 + p. What is the tens digit of b?
1
Let b(i) = -i**2 + 5*i - 4. Let w(a) = -a**2 + 8*a - 6. Let y be w(7). Let n be (3/(-6) + y)*6. What is the units digit of b(n)?
2
Let d(n) = n**3 - 4*n**2 + 3*n + 2. Suppose 4*r + 0*r = 12. Let g be d(r). Suppose -4*l = -5*b + 20, b + g*b + l - 12 = 0. What is the units digit of b?
4
Let p(w) = 3*w. Suppose -u = z - 6*u - 29, 4*z + 4*u + 4 = 0. What is the units digit of p(z)?
2
Suppose 10*f - 5*f - 25 = 0. Suppose -3*k + 22 = q, 4*q + f*k - k - 56 = 0. Suppose q = 5*w, 0 = -3*z + 3*w + w + 13. What is the units digit of z?
7
Let v(m) be the first derivative of -m**2 - 2*m + 4. What is the tens digit of v(-7)?
1
Let r be (0 + 1 - -1) + -2. Let o = 8 - r. Suppose -4*g + 8 = -o. What is the units digit of g?
4
Let q be 26/(-4) - (-6)/12. What is the tens digit of 12/(-18) + (-70)/q?
1
Suppose -13 = -5*w + 4*c - 3*c, 0 = 2*w - 2*c - 2. Suppose 0 = w*s - 13 - 17. What is the tens digit of s?
1
Let o = 208 - 145. What is the tens digit of o?
6
What is the units digit of ((-3)/1 - -2) + 13?
2
Let u(i) = -i**2 + 6. Let n be u(0). Suppose -4*d = -2*d - n. What is the units digit of (d + 2)*12/15?
4
Let y(r) = -10*r - 10. Let c(z) = -2*z - 2. Let l(t) = 16*c(t) - 3*y(t). What is the units digit of l(-5)?
8
Let n = -7 + 11. Suppose -n*o + 56 = 5*d - 24, 4*o = 20. What is the units digit of d?
2
Suppose -8*r = -3*r - 30. Let z be 10*1*3/r. Suppose 8 = -b + z*b. What is the units digit of b?
2
Let f = 3 + -3. Suppose f = -2*g + 3*g + 16. Let h = -8 - g. What is the units digit of h?
8
Suppose -5*t + 5*o = -20, -12 = -3*t - 0*t - 2*o. Suppose -88 = -6*f + 4*f. Suppose t*b = -0*b + f. What is the tens digit of b?
1
Suppose -3*b + 333 + 267 = 4*k, -k = -4*b - 131. What is the units digit of k?
7
What is the tens digit of (1 + 2)/((-21)/(-126))?
1
Suppose 5*j + 4*g = g - 15, -g - 5 = 0. Suppose 2*q - 4 + 0 = j. Suppose -12 = -q*y + 4. What is the units digit of y?
8
Let y(x) = x**3 - 5*x**2 - 8*x - 8. Let o be y(7). Let p = -21 + o. What is the units digit of p?
3
Suppose q + 36 = z, 117 + 43 = 5*z + 5*q. Let a = 2 + -5. What is the units digit of z/6 - a/9?
6
Suppose 3*v + 9 = 6*v. Suppose 3*u = -2*w + 67, v*w + 5*u - 104 + 3 = 0. Suppose 0 = 4*a, 2*a - w = -4*k - 2*a. What is the units digit of k?
8
Let r = 192 + -95. What is the units digit of r?
7
Suppose 0 = -y + 2*l + 9, 7*y + 2*l - 43 = 4*y. Suppose y + 23 = 3*z. What is the tens digit of z?
1
Suppose -5*u = 3*f - 43, 5*u + 5*f + 1 - 36 = 0. Suppose r - 7 - u = 0. What is the tens digit of r?
1
Let l be (-19)/4 + 12/16. Let w be (3/l)/(1/44). What is the tens digit of 6/w - 233/(-11)?
2
Let f = 22 - 20. What is the units digit of f?
2
Let x = 7 - 4. Suppose 0*m - m + 116 = 4*y, -2*m + 112 = 4*y. Suppose y = 2*i + x*i. What is the units digit of i?
6
Let q(f) = f**3 + 5*f**2 - 7*f - 2. Let j be q(-6). Suppose -36 - 12 = -n - 3*x, -j*n + 4*x + 176 = 0. What is the tens digit of n?
4
Suppose -2*f + 2 + 4 = 2*n, -3*n + 13 = f. Suppose 0*s - n*s + 40 = 5*i, -49 = -5*i - 2*s. What is the tens digit of i?
1
Let x = 121 + -78. What is the tens digit of x?
4
Let r = 128 + 42. What is the hundreds digit of r?
1
Suppose 4*h = h + 24. Suppose -7*q + h = -3*q. Suppose 32 = q*d + 2. What is the units digit of d?
5
Let m(k) = k**2 + 6*k + 3. Let z be m(-6). Suppose -h + 36 = z*h. What is the units digit of h?
9
Suppose o - 2*t - 55 = 0, -179 = -3*o + 2*t - 3*t. What is the units digit of o?
9
Suppose -18 - 73 = -z. What is the units digit of z?
1
Let u(d) = 2*d - 5. Let y be u(-9). What is the units digit of (-2)/7 - y/7?
3
Let y(s) = 7*s**2 - 18*s - 6. What is the hundreds digit of y(8)?
2
Let d = 28 - -101. What is the tens digit of d?
2
What is the units digit of 4/(-7) + 1008/49?
0
Let o(d) = 10*d**2 + 4*d - 21. What is the hundreds digit of o(4)?
1
Let i be (5/(-2) + 3)*6. Let s = i - 2. What is the units digit of s?
1
Suppose -2*u = -2*h + 4*h - 30, -4*u = -3*h - 32. What is the tens digit of u/(-2)*(0 - 2)?
1
Suppose 3*j - j + 107 = 5*w, 0 = j + 1. Suppose 2 - 12 = -5*c. Suppose -a + w = c*a. What is the units digit of a?
7
Suppose 0 = -4*g + 5*g - 1, 0 = -2*d + 4*g + 116. What is the tens digit of d?
6
Let z be 0 - (-2*6)/3. Suppose 0 = 3*p - 2*t - 2, -z*t = -4*p. What is the units digit of p?
2
Let w = 32 + -12. Suppose 0 = -j, 0*o + 5*o + 4*j = 25. Suppose o*b = 3*f - w, 3 = b + 1. What is the tens digit of f?
1
Suppose -f = -0*f - 4*l + 4, -10 = 5*l. Let d = 19 + f. What is the units digit of d?
7
Let r(v) be the second derivative of 5*v**4/12 + v**3/6 + 4*v. What is the units digit of r(3)?
8
Let p = 3 - -2. Let h(f) = -f**3 + 6*f**2 - 6*f + 5. Let g be h(p). Suppose g*r - 45 = -3*r. What is the units digit of r?
5
Let v be ((1 - 2) + -1)*-3. Let g = -12 + v. Let h(n) = -n + 4. What is the tens digit of h(g)?
1
Suppose 2*q - 5*q = -87. What is the tens digit of q?
2
Let w(f) = -f**3 + 4*f**2 + 2*f - 2. Let i = -1 + 4. What is the units digit of w(i)?
3
What is the tens digit of ((-1)/2)/((-4)/(-536))*-1?
6
Suppose 5*a = -a + 36. What is the units digit of a?
6
Suppose -4*k + 7*k = 144. What is the tens digit of k?
4
Suppose d - 4*d = -57. Let k = d - 3. Suppose -k = b - 2*b. What is the units digit of b?
6
Suppose -2*z = 3*z - 20. Suppose 0 = z*d - 0 - 8. Suppose -a + d*a = 1. What is the units digit of a?
1
Suppose 0*m - 4*m - 2 = -2*j, -3*m - 4*j = -26. Let u = 28 - m. What is the units digit of u?
6
Let a(y) = -y**3 - 8*y**2 + 2*y + 6. Let w be a(-8). What is the tens digit of (-136)/w - (-3)/(-5)?
1
Suppose 0*g = -2*g - 6. What is the tens digit of 17 + (g - (3 + -3))?
1
Let d = -4 - -10. Let j be 16/4*d/8. Suppose 1 = -j*r + 4*r. What is the units digit of r?
1
Suppose -5*y + 4*y = -2*s - 90, -y = 3*s - 90. What is the units digit of y?
0
Suppose 2*p = p - 5. Let j be (-66)/(-15)*-2*p. Suppose -2*g + j = 2*g. What is the units digit of g?
1
Let q(h) = h - 1. Suppose -6 = -2*d + 5*i, -2*d + 3*i = -d - 2. Let o be q(d). Let r = o - 4. What is the units digit of r?
3
Suppose j + 4*x = -9, -6 = 2*j + 4*x - 0. Suppose j*d - 2 = d. What is the units digit of (2 - -7) + d + -1?
9
Let m(u) be the first derivative of 7*u + 2 - 1/3*u**3 - 1/2*u**2. What is the units digit of m(0)?
7
Suppose -h = -4*b - 19, -7*h + 2*h = 4*b + 1. Suppose 17 = h*k + 4*n, -5*n + 0*n - 5 = -5*k. Suppose 0 = -k*p + 27 + 3. What is the units digit of p?
0
Let x be 1/(1 + 12/(-10)). Let j(v) be the first derivative of v**3/3 + 2*v**2 - 4*v + 1. What is the units digit of j(x)?
1
Let x(t) = t + 2 - 4 - 4*t. Suppose -n + r = 0, 3*n - n - 4*r - 10 = 0. What is the units digit of x(n)?
3
Let z = 11 + -6. Suppose -4*a + 2*r = -18 - 26, 3*a + z*r - 46 = 0. What is the units digit of a?
2
Suppose -y = -4*b - 23 - 8, b = y - 31. What is the tens digit of y?
3
Suppose -8 = 4*f, 3*s - f + 0*f = -16. Let p = s - -15. Let j = -6 + p. What is the units digit of j?
3
Let p = 5 + -3. Suppose 0*k + k - 2*y + 1 = 0, 2*k - 5 = -3*y. What is the units digit of p - ((-1)/k + 2)?
1
Let u(d) = 2*d**2 + 9*d + 10. What is the tens digit of u(-7)?
4
Let m(i) = 10*i - 1. Let g be m(6). Let j = -30 + g. What is the tens digit of j?
2
Let f = -6 - -12. Let a = 10 - f. What is the units digit of a?
4
Suppose 0*w = -2*w + 60. What is the tens digit of w?
3
Let v(z) be the second derivative of z + 1/6*z**3 + 11/2*z**2 - 1/12*z**4 + 0. What is the tens digit of v(0)?
1
Let z = -41 - -63. What is the units digit of z?
2
Let a(f) = -f**2 + 4*f + 6. Let h be a(5). Let q = h - -6. What is the units digit of q?
7
Suppose -315 = -4*r - 83. What is the tens digit of r?
5
Suppose -4*q = -8 - 44. What is the units digit of q?
3
Let a be 6 + (-3)/((-3)/(-2)). Suppose -49 = -a*r + 3. What is the units digit of r?
3
Let z(o) be the first derivative of -o**3/3 + 2*o**2 + 2*o - 4. What is the units digit of z(4)?
2
Suppose 4*s - 3*s = 64. What is the tens 